- 0). Calculate the greatest common factor of c and 23.
23
Suppose -2*f = -3*x - 0*f + 164, 3*f - 248 = -5*x. Calculate the highest common factor of 4 and x.
4
Let y = -695 + 711. Suppose 0*j - 4*v + 2 = -5*j, -5*v + 21 = 3*j. Calculate the highest common divisor of y and j.
2
Let i(y) = 19*y**2 - 4*y + 2. Let d be i(2). Suppose 35 = 5*o - 0*o. Let h = 35 - o. What is the greatest common divisor of d and h?
14
Suppose 3*t - 4 = 4*r - 17, -5*t = r - 9. Suppose -6*j = -3*j - 60. What is the greatest common divisor of j and r?
4
Suppose 22*t - 18*t = 64. What is the highest common factor of 8 and t?
8
Let w(i) = i**2 - 4*i. Let r be w(6). Let m(c) = 5*c - 1. Let n be m(1). Calculate the highest common factor of r and n.
4
Let v be (6/(-30))/((-4)/252)*5. Calculate the greatest common factor of v and 9.
9
Let t = -12 + 16. Let z be t/(-10) + 456/15. What is the greatest common factor of z and 10?
10
Suppose -5*g + 1 = -134. Let q = -15 + g. Let w be -9*8/(-6)*2. What is the greatest common factor of q and w?
12
Let t(l) = l - 6. Let a be t(6). Let o = 1 + a. Let s be -1*22/(1*-2). What is the greatest common divisor of s and o?
1
Suppose 8*s = 5*s + 51. Let v = s - 16. Calculate the highest common factor of 8 and v.
1
Suppose -2*i = -29 + 5. What is the greatest common divisor of 36 and i?
12
Let p(h) = h**2 + 3*h + 6. Suppose 18 - 3 = -3*d. Let n be p(d). Suppose x = -2*w + 4, -n = -3*x - x + 3*w. Calculate the greatest common divisor of x and 10.
2
Let m = 27 + 193. Calculate the highest common divisor of 20 and m.
20
Suppose -2*l = -4*l + 14. Suppose k - 5 = l. Calculate the greatest common factor of 108 and k.
12
Let i(r) = r + 10. Let b be i(9). Let m be (-2)/4 + b/2. Calculate the greatest common divisor of m and 3.
3
Let d(p) = p**3 - 5*p**2 - 5. Let l be d(5). Let q(r) = -7 + 0*r - 4*r - 4*r. Let c be q(l). What is the highest common divisor of c and 3?
3
Let t(z) = z**3 + 20*z**2 + 15*z - 6. Let g be t(-19). What is the highest common divisor of g and 28?
14
Let x be ((-13)/(312/(-32)))/(4/78). What is the greatest common factor of 2 and x?
2
Let s = 621 - 130. Let u = -307 + s. Suppose r - 3*o - 28 = 0, -5*r + 3*o = -o - u. Calculate the greatest common divisor of r and 100.
20
Let w be (-3)/((-5)/2 + 1). Suppose w*b = b. Suppose 5 = g - b. What is the highest common divisor of 1 and g?
1
Let o be 21/(-14)*22*-2. What is the highest common factor of o and 44?
22
Suppose -671 = 2*o + 305. Let t = -301 - o. Calculate the greatest common divisor of 17 and t.
17
Let l be (-8)/(-6)*(-927 - -9)/(-9). What is the greatest common divisor of l and 34?
34
Suppose 81 = y - 44. Let g be (27 - 52)/((-1 - 0)/1). Calculate the greatest common factor of g and y.
25
Suppose 0*m + 4*l = -3*m + 19, -2*m + 2*l = 6. Let k be 1*(-3)/m - -39. Calculate the greatest common divisor of 12 and k.
12
Let l be 1*-1 + -5 + 2. Let m = l + 8. Suppose 5*p - a = 22, 5*a = 5*p - 18 - 12. What is the greatest common divisor of m and p?
4
Let z be 7*(-2)/28*-4. Suppose -4*t = -5*t + 3. Suppose h = 4*w - t*h + 12, -8 = -2*h. What is the greatest common factor of z and w?
1
Let y(c) = c**3 - 2*c**2 + 3*c + 4. Let o be y(3). What is the greatest common divisor of o and 176?
22
Suppose o + 25 = -3*o + 3*n, 3*n = -4*o - 55. Let q(a) = -a + a - a + 15 - 17. Let l be q(o). Calculate the greatest common divisor of l and 1.
1
Let o be ((-1)/(-1))/((-6)/42). Let t(g) = -7*g - 7. Let i be t(o). Let r = 80 - 52. What is the greatest common factor of i and r?
14
Let o = 7 + 27. Suppose -3*y + y = -34. Calculate the highest common factor of y and o.
17
Suppose 0 = 4*z - 54 + 6. What is the highest common factor of 28 and z?
4
Let s(r) = -5*r + 10. Let f be s(-10). Calculate the highest common factor of f and 12.
12
Suppose 24 = -0*q - 3*q. Let w = q - -17. Calculate the highest common factor of 27 and w.
9
Let o(r) = -r**2 + 9*r + 8. Let u be o(10). Let c be (1 - -16)/1 + u. Let b = 3 - -27. Calculate the highest common factor of b and c.
15
Let j(x) = 3*x**2 + 5*x - 66. Let z be j(-9). Let b be 0 + 2*(8 - 2). What is the greatest common factor of z and b?
12
Let u be 1/((-1)/8*-2). Suppose -3*c = 3, -u*y = -2*y - 5*c - 25. Calculate the greatest common divisor of 5 and y.
5
Suppose 0 = -3*v + 2*l + 128, -5*v + 211 = 3*l - 15. Suppose -6*b + b + 45 = 5*a, -42 = -4*a - b. What is the greatest common factor of v and a?
11
Let v(g) = 6*g - 28. Let h be v(7). Calculate the greatest common divisor of h and 42.
14
Let l be (-94)/(-8) + 8/32. What is the greatest common factor of l and 12?
12
Let a = 9 - 12. Let b be ((-12)/10)/(a/15). Calculate the highest common factor of 54 and b.
6
Let w be (-1716)/(-65) - 2/5. Calculate the greatest common divisor of w and 91.
13
Let y(t) = -2*t**3 + 6*t**2 + 3*t + 5. Let i be y(5). Let z be (-1)/(4/i) - 0. What is the greatest common divisor of z and 100?
20
Let k be (-26)/(-4) + 2/(-4). Let l = -157 - -225. Suppose q - l = -2. Calculate the highest common factor of k and q.
6
Let h(o) = 4*o**2 + o - 3*o**2 + 3*o. Let t be h(-6). Let b be -6*(-2)/(-6)*-4. What is the greatest common divisor of t and b?
4
Suppose 2*f + 36 = 2*l, 0*l + f - 21 = -2*l. Calculate the highest common divisor of 52 and l.
13
Suppose -1644 = i + 3*i. Let l = -627 - i. Let v be (1/(-1))/(3/l). Calculate the highest common divisor of v and 8.
8
Let y = 31 + 3. Suppose 2*a - 18 = 4*f, y = -3*a + 5*a + 4*f. Calculate the greatest common divisor of a and 52.
13
Let j be 2/7 + (-178)/(-14). Calculate the highest common factor of j and 143.
13
Suppose -2*t - 90 = -5*t. What is the highest common divisor of 20 and t?
10
Let o be (39/(-26))/(((-18)/160)/(-3)). Suppose 2*u = -151 - 39. Let p = o - u. Calculate the greatest common factor of 5 and p.
5
Suppose 2*k + 247 = -47. Let n be k/(2 + (-14)/6). Let q be ((-1)/(-3))/(3/n). Calculate the highest common divisor of 7 and q.
7
Let v be 99 - -2*1/(-2). Let k be 20/6 + (-1)/3. Suppose -5*j + k*b + 30 = -55, -2*j + 4*b = -48. What is the greatest common divisor of v and j?
14
Let v be ((-75)/125)/((-1)/30). Calculate the greatest common factor of v and 66.
6
Let i = 7 - 1. Let z = 3 + i. Suppose 0 = -5*a + 81 + z. Calculate the greatest common factor of a and 6.
6
Let t be (-9 - -3)*2/(-3). Suppose -2*s + 47 = -u - t*u, 5*s - 125 = 5*u. What is the highest common factor of 65 and s?
13
Let w be ((-6)/(-7))/(1/7). Let g = 10 - 14. Let h(t) = -2*t + 4. Let s be h(g). Calculate the highest common factor of w and s.
6
Suppose -5*q + 2 = -8. Suppose q*c = 3*o - 93, 19 = 5*c + 4. Suppose 2*h = -h + o. Calculate the greatest common divisor of 121 and h.
11
Let o be 12*2/(-9)*-3. Calculate the highest common divisor of 20 and o.
4
Suppose 4*f - 29 = -3*b, -2*f + 2*b + 26 = f. Calculate the highest common factor of 12 and f.
4
Let j = -50 + 72. Let k(i) = i**2 - 3*i + 1. Suppose -2*q + 24 = -6*q. Let d be k(q). What is the highest common factor of j and d?
11
Let d = -7 + 10. Suppose 0 = -d*b - 2*t - 1, 7*t - 2*t = 5*b - 15. Let q be (0 + 40 + 2)/b. What is the greatest common factor of q and 14?
14
Let o be (1 + -2)*(0 - 11). Let d(r) = r - 5. Let j be d(9). Suppose j*b = 25 + 107. Calculate the greatest common divisor of b and o.
11
Let u = -3 + 5. Suppose 3*r - 50 = 16. Calculate the highest common factor of u and r.
2
Suppose -11*r + 13 + 427 = 0. What is the highest common factor of r and 360?
40
Suppose -5*v + 4 = 2*y, -6*v + v + 60 = -5*y. Let x be (y/10)/(2/30). Let a be (x - 2)/(0 + -1). Calculate the highest common divisor of 42 and a.
14
Let r = 18 + 67. Calculate the highest common factor of r and 5.
5
Suppose 5*t - 20 = 0, 3*i + t = -0*i + 94. Let m = 69 + i. Let b be (-2 - 56/(-5)) + (-8)/40. What is the greatest common factor of b and m?
9
Suppose 5*b - s - s = -8, 10 = -3*b - 4*s. Let i = 7 - 0. Let v = i + b. What is the greatest common factor of 1 and v?
1
Let w(f) = f**2 + 2*f - 14. Let u be w(-6). Calculate the greatest common divisor of u and 70.
10
Suppose -2*u + 60 = -r, 5*u + 5*r - 181 = -46. Let x = 4 + u. What is the greatest common factor of 132 and x?
33
Let z be (2 - (-4)/(-2)) + 8. Suppose 4*n + 41 + 31 = 4*s, 3*n = -3*s + 42. What is the greatest common divisor of s and z?
8
Let l be (-6)/(25/10 - 4). What is the gr